{"id":4232,"date":"2022-04-13T14:20:57","date_gmt":"2022-04-13T12:20:57","guid":{"rendered":"https:\/\/www.direnergy.net\/?post_type=product&#038;p=4232"},"modified":"2022-04-13T15:19:47","modified_gmt":"2022-04-13T13:19:47","slug":"interruptor-diferencial-superinmunizado-40-a-30-ma","status":"publish","type":"product","link":"https:\/\/www.direnergy.net\/index.php\/producto\/interruptor-diferencial-superinmunizado-40-a-30-ma\/","title":{"rendered":"Interruptor diferencial superinmunizado 40 A 30 mA"},"content":{"rendered":"<p>A diferencia de los interruptores diferenciales &#8220;comunes&#8221;, los <strong>superinmunizados<\/strong> son <strong>capaces<\/strong> de <strong>detectar<\/strong> cuando existe una verdadera <strong>derivaci\u00f3n<\/strong> <strong>debido<\/strong> a la presencia de una <strong>fuga<\/strong>. Por ejemplo <strong>detecta<\/strong> derivaciones del tipo: sobretensiones, arranques de grupos electr\u00f3genos, componentes arm\u00f3nicos producidos por equipos electr\u00f3nicos, as\u00ed como por el <strong>arranque de los inversores solares<\/strong>.<\/p>\n<p>Por tanto, los interruptores <strong>diferenciales superinmunizados son una soluci\u00f3n <\/strong>a los <b>cortes intempestivos <\/b>presentes en <strong>instalaciones<\/strong> de <strong>baja<\/strong> <strong>tensi\u00f3n<\/strong>.<\/p>\n<p>Seg\u00fan normativa REBT, su <strong>uso<\/strong> es <strong>obligatorio<\/strong> en <strong>instalaciones solares<\/strong>.<\/p>\n<p>Montaje en carril sim\u00e9trico EN-60715 o DIN35.<\/p>\n<p>Corriente nominal: 40 A.<\/p>\n<p>Sensibilidad ante fugas a tierra: 30 mA.<\/p>\n<p>Tensi\u00f3n nominal: 230 V.<\/p>\n<p>Frecuencia nominal m\u00e1xima: 50\/60 Hz.<\/p>\n<p>&nbsp;<\/p>\n<p>En este producto se incluye:<\/p>\n<p>\u2013 1x interruptor diferencial superinmunizado 40 A 30 mA.<\/p>\n","protected":false},"excerpt":{"rendered":"<p>Interruptor diferencial superinmunizado de 2 polos (1P + N) tipo A-SI. 40 A y sensibilidad 30 mA. Red tipo AC.<\/p>\n","protected":false},"featured_media":4489,"template":"","meta":{"ocean_post_layout":"","ocean_both_sidebars_style":"","ocean_both_sidebars_content_width":0,"ocean_both_sidebars_sidebars_width":0,"ocean_sidebar":"0","ocean_second_sidebar":"0","ocean_disable_margins":"enable","ocean_add_body_class":"","ocean_shortcode_before_top_bar":"","ocean_shortcode_after_top_bar":"","ocean_shortcode_before_header":"","ocean_shortcode_after_header":"","ocean_has_shortcode":"","ocean_shortcode_after_title":"","ocean_shortcode_before_footer_widgets":"","ocean_shortcode_after_footer_widgets":"","ocean_shortcode_before_footer_bottom":"","ocean_shortcode_after_footer_bottom":"","ocean_display_top_bar":"default","ocean_display_header":"default","ocean_header_style":"","ocean_center_header_left_menu":"0","ocean_custom_header_template":"0","ocean_custom_logo":0,"ocean_custom_retina_logo":0,"ocean_custom_logo_max_width":0,"ocean_custom_logo_tablet_max_width":0,"ocean_custom_logo_mobile_max_width":0,"ocean_custom_logo_max_height":0,"ocean_custom_logo_tablet_max_height":0,"ocean_custom_logo_mobile_max_height":0,"ocean_header_custom_menu":"0","ocean_menu_typo_font_family":"0","ocean_menu_typo_font_subset":"","ocean_menu_typo_font_size":0,"ocean_menu_typo_font_size_tablet":0,"ocean_menu_typo_font_size_mobile":0,"ocean_menu_typo_font_size_unit":"px","ocean_menu_typo_font_weight":"","ocean_menu_typo_font_weight_tablet":"","ocean_menu_typo_font_weight_mobile":"","ocean_menu_typo_transform":"","ocean_menu_typo_transform_tablet":"","ocean_menu_typo_transform_mobile":"","ocean_menu_typo_line_height":0,"ocean_menu_typo_line_height_tablet":0,"ocean_menu_typo_line_height_mobile":0,"ocean_menu_typo_line_height_unit":"","ocean_menu_typo_spacing":0,"ocean_menu_typo_spacing_tablet":0,"ocean_menu_typo_spacing_mobile":0,"ocean_menu_typo_spacing_unit":"","ocean_menu_link_color":"","ocean_menu_link_color_hover":"","ocean_menu_link_color_active":"","ocean_menu_link_background":"","ocean_menu_link_hover_background":"","ocean_menu_link_active_background":"","ocean_menu_social_links_bg":"","ocean_menu_social_hover_links_bg":"","ocean_menu_social_links_color":"","ocean_menu_social_hover_links_color":"","ocean_disable_title":"default","ocean_disable_heading":"default","ocean_post_title":"","ocean_post_subheading":"","ocean_post_title_style":"","ocean_post_title_background_color":"","ocean_post_title_background":0,"ocean_post_title_bg_image_position":"","ocean_post_title_bg_image_attachment":"","ocean_post_title_bg_image_repeat":"","ocean_post_title_bg_image_size":"","ocean_post_title_height":0,"ocean_post_title_bg_overlay":0.5,"ocean_post_title_bg_overlay_color":"","ocean_disable_breadcrumbs":"default","ocean_breadcrumbs_color":"","ocean_breadcrumbs_separator_color":"","ocean_breadcrumbs_links_color":"","ocean_breadcrumbs_links_hover_color":"","ocean_display_footer_widgets":"default","ocean_display_footer_bottom":"default","ocean_custom_footer_template":"0","_joinchat":[]},"product_cat":[117],"product_tag":[],"class_list":{"0":"post-4232","1":"product","2":"type-product","3":"status-publish","4":"has-post-thumbnail","6":"product_cat-material-electrico-castellon","8":"entry","9":"has-media","11":"first","12":"instock","13":"taxable","14":"shipping-taxable","15":"purchasable","16":"product-type-simple","17":"has-product-nav","18":"col","19":"span_1_of_4","20":"owp-content-center","21":"owp-thumbs-layout-horizontal","22":"owp-btn-normal","23":"owp-tabs-layout-horizontal"},"_links":{"self":[{"href":"https:\/\/www.direnergy.net\/index.php\/wp-json\/wp\/v2\/product\/4232","targetHints":{"allow":["GET"]}}],"collection":[{"href":"https:\/\/www.direnergy.net\/index.php\/wp-json\/wp\/v2\/product"}],"about":[{"href":"https:\/\/www.direnergy.net\/index.php\/wp-json\/wp\/v2\/types\/product"}],"wp:featuredmedia":[{"embeddable":true,"href":"https:\/\/www.direnergy.net\/index.php\/wp-json\/wp\/v2\/media\/4489"}],"wp:attachment":[{"href":"https:\/\/www.direnergy.net\/index.php\/wp-json\/wp\/v2\/media?parent=4232"}],"wp:term":[{"taxonomy":"product_cat","embeddable":true,"href":"https:\/\/www.direnergy.net\/index.php\/wp-json\/wp\/v2\/product_cat?post=4232"},{"taxonomy":"product_tag","embeddable":true,"href":"https:\/\/www.direnergy.net\/index.php\/wp-json\/wp\/v2\/product_tag?post=4232"}],"curies":[{"name":"wp","href":"https:\/\/api.w.org\/{rel}","templated":true}]}}