{"id":3933,"date":"2022-02-28T14:18:14","date_gmt":"2022-02-28T13:18:14","guid":{"rendered":"https:\/\/www.direnergy.net\/?post_type=product&#038;p=3933"},"modified":"2022-11-16T14:02:54","modified_gmt":"2022-11-16T13:02:54","slug":"kompak-kgg39ei","status":"publish","type":"product","link":"https:\/\/www.direnergy.net\/index.php\/producto\/kompak-kgg39ei\/","title":{"rendered":"Generador Kompak KGG39Ei"},"content":{"rendered":"<p>Motor de <strong>gasolina<\/strong> de 4 tiempos, 230 V y <strong>3,9 kW de potencia m\u00e1xima<\/strong>. <strong>Tecnolog\u00eda inverter<\/strong>, que combina un <strong>funcionamiento silencioso<\/strong> con un <strong>reducido consumo<\/strong> de combustible y, asegura un voltaje 100% estable.<\/p>\n<p>M\u00e1xima fiabilidad para la conexi\u00f3n de aparatos el\u00e9ctricos y electr\u00f3nicos sensibles a las fluctuaciones de tensi\u00f3n. <strong>Curva sinusoidal pura<\/strong>, que asegura una buena regulaci\u00f3n del voltaje y frecuencia.<\/p>\n<p>Carcasa tipo maleta, para facilitar su transporte.<\/p>\n<p>Integra un panel de control con pantalla digital, protecci\u00f3n contra sobrecargas (con indicador LED) y un interruptor economizador, que permite un funcionamiento a un r\u00e9gimen de vueltas m\u00e1s bajo, reduciendo el consumo y el ruido. Alarma con paro autom\u00e1tico por bajo nivel de aceite. Arranque el\u00e9ctrico.<\/p>\n<p>Capacidad del dep\u00f3sito de combustible: 8,8 L. <strong>Autonom\u00eda<\/strong> de <strong>5,5 horas<\/strong> al 50 % de capacidad de uso del motor.<\/p>\n<p>Su <strong>bajo nivel sonoro<\/strong> lo hace ideal para su utilizaci\u00f3n en cualquier situaci\u00f3n.<\/p>\n<p>Ideal como <strong>complemento de sistemas solares aislados<\/strong> en \u00e9pocas de d\u00e9ficit energ\u00e9tico, producidas por periodos prolongados de mal tiempo, as\u00ed como en situaciones de alta demanda de consumo energ\u00e9tico. <strong>Conector para ATS<\/strong>, permitiendo el arranque autom\u00e1tico por se\u00f1al externa, para su utilizaci\u00f3n como grupo de emergencia (ATS no incluida).<\/p>\n<p><strong>Posibilidad de arranque y paro remoto<\/strong>, con mando a distancia (equipamiento opcional).<\/p>\n<p>Peso: 42 Kg.<\/p>\n<p>En este producto se incluye:<\/p>\n<p>\u2013 1x generador Kompak KGG39Ei.<\/p>\n<p>\u2013 Mando a distancia no incluido.<\/p>\n<p>\u2013 ATS no incluida.<\/p>\n","protected":false},"excerpt":{"rendered":"<p>Generador inverter de gasolina Kompak KGG39Ei. 3,5 kW de potencia. Bajo consumo y alto rendimiento. Arranque autom\u00e1tico. ATS.<\/p>\n","protected":false},"featured_media":3968,"template":"","meta":{"ocean_post_layout":"","ocean_both_sidebars_style":"","ocean_both_sidebars_content_width":0,"ocean_both_sidebars_sidebars_width":0,"ocean_sidebar":"0","ocean_second_sidebar":"0","ocean_disable_margins":"enable","ocean_add_body_class":"","ocean_shortcode_before_top_bar":"","ocean_shortcode_after_top_bar":"","ocean_shortcode_before_header":"","ocean_shortcode_after_header":"","ocean_has_shortcode":"","ocean_shortcode_after_title":"","ocean_shortcode_before_footer_widgets":"","ocean_shortcode_after_footer_widgets":"","ocean_shortcode_before_footer_bottom":"","ocean_shortcode_after_footer_bottom":"","ocean_display_top_bar":"default","ocean_display_header":"default","ocean_header_style":"","ocean_center_header_left_menu":"0","ocean_custom_header_template":"0","ocean_custom_logo":0,"ocean_custom_retina_logo":0,"ocean_custom_logo_max_width":0,"ocean_custom_logo_tablet_max_width":0,"ocean_custom_logo_mobile_max_width":0,"ocean_custom_logo_max_height":0,"ocean_custom_logo_tablet_max_height":0,"ocean_custom_logo_mobile_max_height":0,"ocean_header_custom_menu":"0","ocean_menu_typo_font_family":"0","ocean_menu_typo_font_subset":"","ocean_menu_typo_font_size":0,"ocean_menu_typo_font_size_tablet":0,"ocean_menu_typo_font_size_mobile":0,"ocean_menu_typo_font_size_unit":"px","ocean_menu_typo_font_weight":"","ocean_menu_typo_font_weight_tablet":"","ocean_menu_typo_font_weight_mobile":"","ocean_menu_typo_transform":"","ocean_menu_typo_transform_tablet":"","ocean_menu_typo_transform_mobile":"","ocean_menu_typo_line_height":0,"ocean_menu_typo_line_height_tablet":0,"ocean_menu_typo_line_height_mobile":0,"ocean_menu_typo_line_height_unit":"","ocean_menu_typo_spacing":0,"ocean_menu_typo_spacing_tablet":0,"ocean_menu_typo_spacing_mobile":0,"ocean_menu_typo_spacing_unit":"","ocean_menu_link_color":"","ocean_menu_link_color_hover":"","ocean_menu_link_color_active":"","ocean_menu_link_background":"","ocean_menu_link_hover_background":"","ocean_menu_link_active_background":"","ocean_menu_social_links_bg":"","ocean_menu_social_hover_links_bg":"","ocean_menu_social_links_color":"","ocean_menu_social_hover_links_color":"","ocean_disable_title":"default","ocean_disable_heading":"default","ocean_post_title":"","ocean_post_subheading":"","ocean_post_title_style":"","ocean_post_title_background_color":"","ocean_post_title_background":0,"ocean_post_title_bg_image_position":"","ocean_post_title_bg_image_attachment":"","ocean_post_title_bg_image_repeat":"","ocean_post_title_bg_image_size":"","ocean_post_title_height":0,"ocean_post_title_bg_overlay":0.5,"ocean_post_title_bg_overlay_color":"","ocean_disable_breadcrumbs":"default","ocean_breadcrumbs_color":"","ocean_breadcrumbs_separator_color":"","ocean_breadcrumbs_links_color":"","ocean_breadcrumbs_links_hover_color":"","ocean_display_footer_widgets":"default","ocean_display_footer_bottom":"default","ocean_custom_footer_template":"0","_joinchat":[]},"product_cat":[116],"product_tag":[],"class_list":{"0":"post-3933","1":"product","2":"type-product","3":"status-publish","4":"has-post-thumbnail","6":"product_cat-generadores-castellon","8":"entry","9":"has-media","11":"first","12":"instock","13":"taxable","14":"shipping-taxable","15":"purchasable","16":"product-type-simple","17":"has-product-nav","18":"col","19":"span_1_of_4","20":"owp-content-center","21":"owp-thumbs-layout-horizontal","22":"owp-btn-normal","23":"owp-tabs-layout-horizontal"},"_links":{"self":[{"href":"https:\/\/www.direnergy.net\/index.php\/wp-json\/wp\/v2\/product\/3933","targetHints":{"allow":["GET"]}}],"collection":[{"href":"https:\/\/www.direnergy.net\/index.php\/wp-json\/wp\/v2\/product"}],"about":[{"href":"https:\/\/www.direnergy.net\/index.php\/wp-json\/wp\/v2\/types\/product"}],"wp:featuredmedia":[{"embeddable":true,"href":"https:\/\/www.direnergy.net\/index.php\/wp-json\/wp\/v2\/media\/3968"}],"wp:attachment":[{"href":"https:\/\/www.direnergy.net\/index.php\/wp-json\/wp\/v2\/media?parent=3933"}],"wp:term":[{"taxonomy":"product_cat","embeddable":true,"href":"https:\/\/www.direnergy.net\/index.php\/wp-json\/wp\/v2\/product_cat?post=3933"},{"taxonomy":"product_tag","embeddable":true,"href":"https:\/\/www.direnergy.net\/index.php\/wp-json\/wp\/v2\/product_tag?post=3933"}],"curies":[{"name":"wp","href":"https:\/\/api.w.org\/{rel}","templated":true}]}}